what is -24503 + 0?
-24503
In base 8, what is -21 - -3?
-16
In base 11, what is 21 + -704?
-693
In base 8, what is 130 + 53?
203
In base 13, what is 6 + 132?
138
In base 4, what is -10 + -312?
-322
In base 9, what is 0 - 12?
-12
In base 2, what is 1011101 + -1000?
1010101
In base 8, what is -13 + 4?
-7
In base 9, what is 18 + 107?
126
In base 9, what is 1035 - 4?
1031
In base 13, what is -2c5 - 4?
-2c9
In base 9, what is 6 - -40?
46
In base 2, what is 10 + 1001000?
1001010
In base 13, what is -49 + c?
-3a
In base 2, what is 100 + -111101100?
-111101000
In base 6, what is 2412 - 51?
2321
In base 6, what is -322 + 1?
-321
In base 2, what is -101 - 1011101?
-1100010
In base 6, what is 351 + -3?
344
In base 3, what is 1011 - 1001?
10
In base 7, what is 1213 - 4?
1206
In base 15, what is -139 + -1?
-13a
In base 2, what is 100 + -100111?
-100011
In base 6, what is 1 + 240?
241
In base 11, what is -208 + -1?
-209
In base 3, what is 10 + -11012?
-11002
In base 13, what is 1743 + -5?
173b
In base 12, what is -656 - 3?
-659
In base 14, what is -a7a + 5?
-a75
In base 16, what is 11 + 8?
19
In base 4, what is 3 + -101123?
-101120
In base 11, what is 0 + -12a7?
-12a7
In base 14, what is -9 + -11?
-1a
In base 12, what is -6 - 1837?
-1841
In base 11, what is 19 + -1a?
-1
In base 6, what is 113 + -4?
105
In base 3, what is 1211100 - 10?
1211020
In base 6, what is -23205 - 0?
-23205
In base 8, what is 13 + -2533?
-2520
In base 10, what is -5 + -1186?
-1191
In base 4, what is 22202 - -2?
22210
In base 15, what is -6 - -162?
15b
In base 5, what is -103 + 0?
-103
In base 11, what is 3 - 285?
-282
In base 6, what is -203041 - -5?
-203032
In base 10, what is 1 + 5368?
5369
In base 9, what is -375 + 6?
-368
In base 10, what is 28 - 4?
24
In base 12, what is -34 + -5?
-39
In base 13, what is -10 + -840?
-850
In base 13, what is 268 - -13?
27b
In base 3, what is 1202 - -12?
1221
In base 7, what is 11240 + 0?
11240
In base 2, what is -110 + 10001111001?
10001110011
In base 15, what is bd + -4?
b9
In base 7, what is 12605 - -3?
12611
In base 6, what is 13 - 114?
-101
In base 16, what is -a0 + -1a?
-ba
In base 14, what is -18 + 72?
58
In base 15, what is -5 + 272?
26c
In base 13, what is -2 + -b0?
-b2
In base 2, what is 10100 + -1001111?
-111011
In base 5, what is -32 - -44?
12
In base 4, what is 101 - -300?
1001
In base 8, what is -1 + 145?
144
In base 5, what is 3433 - 0?
3433
In base 12, what is -1126b - -2?
-11269
In base 6, what is 30 - -3?
33
In base 12, what is -4 + -6?
-a
In base 4, what is 11 - 11232?
-11221
In base 9, what is 12 + 331?
343
In base 9, what is 340 - -14?
354
In base 9, what is 3160 - -2?
3162
In base 3, what is 100 + -1210?
-1110
In base 12, what is 5 - -869?
872
In base 16, what is -1 - 152?
-153
In base 5, what is 34 + 334?
423
In base 5, what is 3 - -22424?
22432
In base 8, what is -346 + 2?
-344
In base 4, what is -13201 - 3?
-13210
In base 16, what is -388 - -1?
-387
In base 2, what is 1111000 - 101?
1110011
In base 11, what is 1 + 13?
14
In base 6, what is 303 - 2?
301
In base 7, what is 24 + -425?
-401
In base 5, what is 143 - 4?
134
In base 7, what is 215 + -3?
212
In base 9, what is 4 + -447?
-443
In base 12, what is -859 + -3?
-860
In base 10, what is 170 - -5?
175
In base 6, what is 130 + -1?
125
In base 13, what is -3 + 1052?
104c
In base 7, what is 6 - 14?
-5
In base 10, what is -100 + 49?
-51
In base 13, what is 7 + 27?
31
In base 10, what is -3 + 4394?
4391
In base 11, what is -134 + -32?
-166
In base 3, what is -111 - 111210?
-112021
In base 2, what is 1110100 - -11110?
10010010
In base 8, what is 673 - 24?
647
In base 6, what is -2 - -124?
122
In base 8, what is 205 - -21?
226
In base 16, what is 91c + -3?
919
In base 5, what is -3 - 223?
-231
In base 9, what is -3 - -20?
16
In base 3, what is -2 + -1012?
-1021
In base 16, what is 7 + 18d?
194
In base 2, what is 11110110 + -1010?
11101100
In base 6, what is 3322 - 4?
3314
In base 9, what is 22 + 3?
25
In base 15, what is 507 + -1?
506
In base 7, what is 13 - 0?
13
In base 9, what is -107 + -52?
-160
In base 11, what is -4 - -300?
2a7
In base 3, what is 120000 + 0?
120000
In base 15, what is -1 - -9b?
9a
In base 4, what is 101221 + 2?
101223
In base 11, what is -32 - 10?
-42
In base 15, what is -1 + 123a?
1239
In base 14, what is 117 - -10?
127
In base 16, what is -26e + -12?
-280
In base 10, what is 1 - 47?
-46
In base 3, what is 200021002 + 10?
200021012
In base 12, what is 0 - 56a?
-56a
In base 2, what is -110 - 11100?
-100010
In base 3, what is -12001 - -1112?
-10112
In base 14, what is -1 + 36?
35
In base 13, what is -1 + -1c?
-20
In base 4, what is 10 - -203203?
203213
In base 11, what is 19 + -28?
-a
In base 8, what is -2 - 222?
-224
In base 6, what is 104 - 130?
-22
In base 10, what is 622 + 3?
625
In base 3, what is -1112 + -11?
-1200
In base 4, what is 10 + -10022?
-10012
In base 7, what is 1140 - -4?
1144
In base 10, what is -4 + 67?
63
In base 15, what is -1 + 5b?
5a
In base 16, what is 3 - -845?
848
In base 10, what is -11 + -18?
-29
In base 8, what is 21 - 133?
-112
In base 3, what is -202201 + 1?
-202200
In base 11, what is 0 - 28?
-28
In base 16, what is 53 - 2?
51
In base 3, what is -21121 - -2?
-21112
In base 12, what is 4a2 - 1?
4a1
In base 5, what is 22 - 10413?
-10341
In base 14, what is 138 - 5?
133
In base 14, what is 1 - 14?
-13
In base 5, what is -12113 - 4?
-12122
In base 5, what is -3004 - -11?
-2443
In base 10, what is -4 + 435?
431
In base 4, what is 22 - -102?
130
In base 16, what is -5e4 - 5?
-5e9
In base 3, what is 102 + 212?
1021
In base 14, what is -1 - 3d?
-40
In base 16, what is 3 + -c6?
-c3
In base 6, what is -1 + -14?
-15
In base 8, what is 10 + -146?
-136
In base 15, what is 7 - -122?
129
In base 9, what is -15 + 758?
743
In base 2, what is 1 - 11010111?
-11010110
In base 16, what is 76 - 2?
74
In base 16, what is -10 - -e8?
d8
In base 7, what is 231 - 1?
230
In base 7, what is -4 + 446?
442
In base 16, what is -44 - 1?
-45
In base 6, what is 45 - -523?
1012
In base 13, what is 6 - -1cc?
205
In base 10, what is 7 - 611?
-604
In base 9, what is -3 - -1150?
1146
In base 16, what is -16 + 7?
-f
In base 14, what is 0 - 135?
-135
In base 13, what is -98 - a?
-a5
In base 16, what is 312 + 2?
314
In base 12, what is 1a + 16?
34
In base 2, what is 100 - -11100000?
11100100
In base 14, what is 0 + 988?
988
In base 16, what is -11 + 52?
41
In base 10, what is -651 - -5?
-646
In base 6, what is 0 + -200?
-200
In base 8, what is 1457 + 2?
1461
In base 8, what is -400 + -4?
-404
In base 4, what is 13010 + -2?
13002
In base 12, what is -566 + -3?
-569
In base 13, what is ca - -6?
103
In base 2, what is 110100110 + -1010?
110011100
In base 5, what is -1023 + 11?
-1012
In base 7, what is 13134 + -4?
13130
In base 7, what is -3 - -243?
240
In base 5, what is 0 + 2241?
2241
In base 16, what is -2b + 62?
37
In base 5, what is 114 + 4?
123
In base 2, what is 11 - 1010010?
-1001111
In base 13, what is 82b - -5?
833
In base 10, what is 1136 - 5?
1131
In base 13, what is -5 - 42?
-47
In base 16, what is 1ce + -1?
1cd
In base 16, what is -23 + 20?
-3
In base 14, what is -7 + -3?
-a
In base 7, what is -6 + -51?
-60
In base 12, what is -2 + 4?
2
In base 9, what is 1250 + 3?
1253
In base 7, what is -504 + -21?
-525
In base 9, what is -8 + -66?
-75
In base 7, what is -424 + -2?
-426
In base 15, what is 1663 - -4?
1667
In base 13, what is 4 + 120c?
1213
In base 4, what is 12 + 12202?
12220
In base 10, what is -86 - 5?
-91
In base 4, what is -3 - -231?
222
In base 5, what is 0 + 22304?
22304
In base 7, what is -226 + -25?
-254
In base 10, what is 3 - -12?
15
In base 16, what is -4 + -24?
-28
In base 4, what is 101102 - -2?
101110
In base 5, what is -144 - 1?
-200
In base 4, what is -13003 - 11?
-13020
In base 13, what is 20 - -6?
26
In base 5, what is 2100 + 222?
2322
In base 7, what is 6 - 244?
-235
In base 9, what is 2 + -1056?
-1054
In base 6, what is 2 - -35?
41
In base 13, what is 1 - -c9?
ca
In base 10, what is -1 + -50?
-51
In base 2, what is 11110000111011 - 11?
11110000111000
In base 14, what is -2 - -32?
30
In base 15, what is 4 + 26?
2a
In base 15, what is 25 - -1?
26
In base 13, what is 4 + 25?
29
In base 5, what is 10 - 223?
-213
In base 10, what is -12 